osite number?
True
Is 13545475547 prime?
True
Is 6122874157 prime?
False
Is 27583873909 a composite number?
False
Is 13062398887 a composite number?
False
Is 461487115207 a composite number?
False
Is 910964377 a prime number?
False
Is 46057178837 composite?
True
Is 2276783351 prime?
True
Is 3067214509 composite?
False
Is 188041303 a prime number?
True
Is 33798037963 prime?
True
Is 13203377 prime?
False
Is 3519092909 a prime number?
True
Is 1615019663 a prime number?
False
Is 26751328579 a prime number?
True
Is 11479547083 composite?
True
Is 108365176861 a prime number?
False
Is 133202027903 prime?
False
Is 120932869 a prime number?
True
Is 5499082493 composite?
False
Is 7332981917 composite?
True
Is 4767189721 prime?
False
Is 2481163 prime?
False
Is 48011131601 a prime number?
True
Is 34240501 composite?
False
Is 4064288653 a composite number?
False
Is 3644595443 composite?
False
Is 1038184897 composite?
False
Is 36125578903 a composite number?
False
Is 105197831 composite?
False
Is 39411309599 prime?
True
Is 507337837 prime?
True
Is 118771613 prime?
False
Is 74516897573 prime?
False
Is 228744611 prime?
True
Is 69258149 a composite number?
False
Is 2074519043 a prime number?
False
Is 1668794269 composite?
True
Is 2915427637 prime?
True
Is 923837555 a composite number?
True
Is 28185980617 prime?
False
Is 2184977731 composite?
False
Is 8267836781 a composite number?
True
Is 1003918831 a prime number?
True
Is 1902001979 a composite number?
False
Is 1420943851 composite?
True
Is 142839714439 a composite number?
True
Is 6922294969 prime?
True
Is 1411684783 composite?
False
Is 998607331 a composite number?
False
Is 230512939 prime?
False
Is 64770613799 a prime number?
True
Is 49234518097 a composite number?
True
Is 281341360333 a prime number?
False
Is 2824181609 a prime number?
False
Is 186611827 composite?
False
Is 523076243 prime?
True
Is 266932783 a prime number?
False
Is 29462012131 prime?
True
Is 1428228379 prime?
False
Is 11378837887 a composite number?
False
Is 87683929423 prime?
True
Is 22191840347 a prime number?
False
Is 118908851 composite?
False
Is 432390661 composite?
False
Is 1638948539 prime?
True
Is 1060155257 a composite number?
True
Is 27009960319 a prime number?
False
Is 7862676631 composite?
True
Is 1744600603 a composite number?
True
Is 11058018731 a composite number?
False
Is 59467632283 a composite number?
False
Is 509310469 a composite number?
False
Is 47809081867 a composite number?
False
Is 12584349163 prime?
True
Is 554704769 a prime number?
True
Is 1023651931 a composite number?
False
Is 3960375119 composite?
True
Is 344500301 prime?
True
Is 15979961449 a composite number?
False
Is 35131657523 a composite number?
False
Is 4948191737 a prime number?
False
Is 18335665787 prime?
True
Is 4045883341 composite?
False
Is 138984775777 a prime number?
False
Is 384584011 a prime number?
False
Is 341146182869 composite?
False
Is 4625307431 composite?
False
Is 2947215673 a composite number?
False
Is 25320253217 a prime number?
False
Is 100224038731 prime?
False
Is 211399211791 composite?
True
Is 14258455331 a prime number?
True
Is 866519233 a composite number?
True
Is 3703167997 a prime number?
False
Is 1021604791 a composite number?
True
Is 176647387 composite?
True
Is 923914597 prime?
True
Is 2415963413 a prime number?
True
Is 1057379909 a prime number?
True
Is 44225184221 prime?
False
Is 18536047239 a composite number?
True
Is 1872208423 composite?
True
Is 1359076007 a composite number?
False
Is 12217418441 prime?
False
Is 713490509 a prime number?
False
Is 47704589609 composite?
False
Is 21859525817 composite?
True
Is 997960385 a prime number?
False
Is 519752273 a prime number?
False
Is 5948835967 composite?
True
Is 30549466279 composite?
True
Is 1376976891 composite?
True
Is 3145889359 composite?
True
Is 812701579 a composite number?
True
Is 4702727737 composite?
False
Is 30923351741 prime?
True
Is 1379941429 a prime number?
False
Is 5987912863 a composite number?
False
Is 9246471779 composite?
False
Is 5199853717 a prime number?
True
Is 981047687 prime?
True
Is 2508178823 prime?
False
Is 22948348597 a composite number?
False
Is 1714709797 a prime number?
False
Is 30589615297 composite?
False
Is 1410608161 composite?
True
Is 455988389 prime?
True
Is 1096310359 a composite number?
True
Is 2178193421 composite?
True
Is 2508734429 composite?
False
Is 12025944799 composite?
True
Is 915279109 a composite number?
False
Is 813503851 prime?
True
Is 558785579 prime?
False
Is 316177193 prime?
True
Is 2199576523 a prime number?
False
Is 35540405321 a composite number?
True
Is 10478461823 a composite number?
True
Is 367891298 a prime number?
False
Is 1288301233 a prime number?
False
Is 1100157349 prime?
True
Is 132481816723 composite?
False
Is 687580937 composite?
False
Is 345572501 a prime number?
True
Is 322609337 composite?
True
Is 37237267346 a prime number?
False
Is 125099801 a composite number?
False
Is 945140113 a composite number?
True
Is 15361589543 a prime number?
True
Is 2750269337 a prime number?
True
Is 159399245 a prime number?
False
Is 10214978623 composite?
False
Is 393445580746 composite?
True
Is 22215745993 a composite number?
True
Is 21652583 a composite number?
True
Is 26071681721 prime?
False
Is 2295117499 composite?
False
Is 2733757333 composite?
False
Is 970869143 composite?
False
Is 264008485513 a composite number?
True
Is 183766583621 a prime number?
True
Is 17914266327 a composite number?
True
Is 1428032927 composite?
False
Is 201152477521 a composite number?
False
Is 1839496319 a composite number?
False
Is 135087506051 a composite number?
False
Is 735299767 a composite number?
True
Is 659400941 composite?
False
Is 6793377739 composite?
False
Is 6779921 a composite number?
False
Is 665703947 composite?
False
Is 2157727283 composite?
False
Is 286752847 a prime number?
False
Is 25510492387 a prime number?
True
Is 6264514661 a composite number?
False
Is 55990637 prime?
True
Is 10391079943 a composite number?
False
Is 4536889151 a prime number?
True
Is 1554845953 prime?
True
Is 74244869891 a prime number?
True
Is 379969607 a composite number?
False
Is 121605353 composite?
False
Is 512971411 prime?
False
Is 17377048427 a composite number?
False
Is 187015233403 a composite number?
False
Is 36151391 a prime number?
False
Is 19840545357 a prime number?
False
Is 579867521 composite?
True
Is 84175911707 composite?
True
Is 52452420197 a prime number?
False
Is 66364479307 a composite number?
True
Is 68280433609 composite?
False
Is 1368115051 a composite number?
False
Is 79690451 a prime number?
True
Is 465035647 a composite number?
True
Is 44059849 a composite number?
False
Is 29208233 composite?
True
Is 15516084737 composite?
False
Is 1661331611 a composite number?
False
Is 3745410717 composite?
True
Is 202567411 a composite number?
False
Is 5284685563 a composite number?
False
Is 586866386 composite?
True
Is 8358129547 composite?
False
Is 1201457813 prime?
False
Is 14725227445 prime?
False
Is 21280994303 a prime number?
True
Is 38179789907 a composite number?
True
Is 3722090539 a composite number?
False
Is 13661915903 prime?
True
Is 674855969 a prime number?
True
Is 2781358409 a composite number?
True
Is 216555973 composite?
True
Is 10665724649 prime?
True
Is 8957695147 prime?
True
Is 1746482939 prime?
True
Is 127695117327 composite?
True
Is 3724618649 prime?
True
Is 7336699709 prime?
False
Is 6646748123 prime?
True
Is 155927137 composite?
True
Is 37337431739 a composite number?
False
Is 510328363 a composite number?
True
Is 101376510107 a composite number?
False
Is 6526216693 a prime number?
True
Is 1510303313 a composite number?
True
Is 10338078379 composite?
True
Is 677985281 composite?
False
Is 5612529317 composite?
False
Is 59735809409 a prime number?
True
Is 43496922629 composite?
False
Is 60024024377 a composite number?
False
Is 27140063 prime?
True
Is 194289722863 a prime number?
True
Is 14111191231 prime?
True
Is 8483171639 composite?
False
Is 820720609 a composite number?
True
Is 485007143 a prime number?
True
Is 329832613 a composite number?
True
Is 20937179883 a prime number?
False
Is 1095089173 composite?
False
Is 3389376437 a composite number?
True
Is 5099382329 a prime number?
True
Is 4433939753 composit